= 3*k + y. Let g(n) = -n**2 - 5*n - 5. What is g(k)?
-1
Let h(a) be the third derivative of -a**5/60 - a**3/3 - 12*a**2. Determine h(0).
-2
Let h(j) be the third derivative of j**4/8 - 2*j**3/3 - 2*j**2. Suppose 4*r - 15 = r. Give h(r).
11
Suppose 0 = 3*y + 7*t - 3*t - 21, -4*t = -4*y. Suppose -d - 5*v - 18 = -2*d, 0 = -2*d - 3*v - y. Let z be (2/(-4))/(d/6). Let a(n) = 9*n**2 + n + 1. Give a(z).
9
Let t(s) = s**2 - 3*s - 3. Let h be (-2)/7 + (-240)/(-56). Suppose -h*c + 8 = 0, c = -4*f + 3 + 11. Give t(f).
-3
Let m = -34 - -48. Let t be (-148)/(-28) + (-4)/m. Let r(d) be the third derivative of -d**6/120 + d**5/10 - d**4/4 + 2*d**3/3 + d**2. Determine r(t).
-1
Let p(i) = -i + 1. Let d(v) be the first derivative of v**4/4 - v**3 - v**2 - 3*v + 3. Let l be d(4). Calculate p(l).
-4
Let d(t) = t**2 - 11*t - 21. Let s be d(13). Let i(u) be the second derivative of -1/2*u**2 - 1/12*u**4 + 0 + 2*u - 1/10*u**s + 1/3*u**3. Determine i(1).
-2
Let t(x) = -7*x + 3. Let w(p) = p + 2. Let i be w(4). Let r(k) = -k + 1. Let m(z) = i*r(z) - t(z). Calculate m(-6).
-3
Let g(k) = k**2 + 5*k - 4. Suppose 0 = 6*b + 54 - 18. Determine g(b).
2
Suppose 8 + 8 = 4*o. Suppose 0*n + o*n = 0. Let z(t) = t**2 - t + 4. Determine z(n).
4
Suppose 0 = 2*r - 5 - 1. Suppose r*u - 4 = 4*u. Let p(o) = -o**2 + 3*o - 3. Let z(c) = c**2 + c + 1. Let f(y) = p(y) + 2*z(y). Determine f(u).
-5
Let u(k) = -2*k - 12. Let a be u(-7). Let t(r) = -r**2 + 4*r - 3. Let q be t(2). Let s(n) = a*n - q - 2*n - n. Give s(0).
-1
Let f(s) = 2*s + 1. Let y be f(2). Suppose -y = -3*p + 7. Let j(z) = -z**2 + 5*z - 1. What is j(p)?
3
Let a(z) = -7*z + 3. Let n = 54 + -52. Calculate a(n).
-11
Suppose -51 = -4*m + 9. Suppose 0 = -5*r - 0*r + m. Let b(g) = -6*g + 4*g + r + 2*g**2 + 0. Calculate b(2).
7
Suppose 0 = 2*d + x, 5*d - 1 = -4*x - 7. Let k(f) = d - f**2 - 3 + 3. Let m be 6/4*2*1. Determine k(m).
-7
Let v(c) = -c**3 - c**2 + c + 1. Let q be 8/(-7) - 5/(-35). What is v(q)?
0
Let h(c) = 2*c - 3. Let d = -86 - -79. Determine h(d).
-17
Suppose -2*b = -2 + 4. Suppose -j + 6*j - 20 = 0. Let s(q) = 0*q - j + 3 + q + 0. Determine s(b).
-2
Let v(i) = -i + 1. Let y be v(7). Let j(k) = -11*k**3 - 8*k**2 - 5*k + 6. Let n(x) = 12*x**3 + 9*x**2 + 6*x - 7. Let g(o) = y*n(o) - 7*j(o). Determine g(1).
6
Let q(n) = 2*n**2 + 3*n + 1. Let u(d) = -d**2 - 4*d - 1. Let i(h) = -4*q(h) - 3*u(h). What is i(-1)?
-6
Let q = -121 - -171. Suppose 0 = -4*b + 30 + q. Suppose 0 = 3*z + 2*z + b. Let t(m) = m**3 + 3*m**2 - 3*m - 1. Determine t(z).
-5
Let z(y) = -y + 6. Let o = 37 + -32. Give z(o).
1
Let i(j) = j**3 - 10*j**2 + 7*j + 11. Let c be i(9). Let b = -7 - c. Let g(s) = -s + 5. What is g(b)?
5
Let g(x) = x**3 + 7*x**2 + 7*x. Suppose -4*r - r - 30 = 0. Determine g(r).
-6
Let x(r) be the first derivative of -r**6/30 - r**5/30 + r**3/6 + 2*r**2 - 3. Let k(m) be the second derivative of x(m). What is k(1)?
-5
Let y(g) be the first derivative of -14*g**3/3 - g**2 - g - 6. What is y(-1)?
-13
Let d(l) = 11*l**2 - 1. Let m(b) = -23*b**2 + 2. Let f(a) = -13*d(a) - 6*m(a). Give f(-2).
-19
Let m(t) = t**3 - t**2 + 2*t - 3. Let i be m(2). Let x(l) = -6*l - l - 3*l**3 + 1 + 2*l**2 + 0*l + i*l. Give x(1).
-2
Let n(f) be the second derivative of -5/6*f**3 + 2*f + 1/20*f**5 + 0 - 2*f**2 + 1/3*f**4. Let j = 45 + -50. Determine n(j).
-4
Let y(z) be the second derivative of -1/2*z**3 - 1/360*z**6 + 1/60*z**5 + 0*z**2 + 0 + z + 5/24*z**4. Let s(l) be the second derivative of y(l). Give s(4).
-3
Suppose 12*w = 18*w - 6. Let i(d) = 23*d + 1. Give i(w).
24
Suppose -2*g + 27 = -3*z, -4*z - 51 + 7 = -4*g. Suppose 0*k - g = -2*k. Let o(b) be the third derivative of -b**6/120 + b**5/20 - b**3/2 + b**2. What is o(k)?
-3
Let k(u) = 3*u + 18. Let y(l) = 2*l + 9. Let g(a) = -3*k(a) + 5*y(a). What is g(0)?
-9
Let o(g) = 2*g - 2. Let k(w) = 5*w**3 - 2*w**2 + 2*w - 1. Let v be k(1). Suppose 8 = -v*f, 5*p - 4*f + 12 = p. Let c(y) = y + 8. Let b be c(p). Determine o(b).
4
Suppose -j = -4*z + 1 + 11, 2*z + j = 6. Let c(q) = 0*q - 4 + 1 - z*q. Give c(-4).
9
Let f(h) = -2*h - 1. Suppose -6*l = 12 - 0. Determine f(l).
3
Let x(d) be the first derivative of -d**7/280 + d**6/180 + d**5/120 + 2*d**3/3 - 3. Let z(f) be the third derivative of x(f). Calculate z(-1).
4
Let s(t) = 3*t + 5*t - 4*t - 7*t + 7. Determine s(6).
-11
Let l(m) = m**3 + 12*m**2 + 12*m + 16. Let r be l(-11). Let s(j) = -j + 2. Calculate s(r).
-3
Let c(s) be the third derivative of s**4/12 + 2*s**3/3 + s**2. Let m(l) = l**2 - 8*l + 5. Let q be m(7). Let y be q/(-4)*(2 - 12). Give c(y).
-6
Let h(m) = -3*m + 11. Let o(n) be the second derivative of n**3/6 - 5*n**2/2 - 2*n. Let i(r) = 4*h(r) + 10*o(r). Give i(-5).
4
Let x be ((-4)/10)/((-2)/(-10)). Suppose p - k + 1 = 0, -4 = -0*k - 2*k. Let g(o) = -p - o - 3*o - 2. Determine g(x).
5
Let m(w) = -2*w**2 - 4*w - 2. Let z be m(-2). Let a(v) = 1 - 3 + v + 0. Calculate a(z).
-4
Let z(n) = -n**2 + n + 2. Let t be z(-2). Let q(i) = -i - 1. Let r be q(t). Suppose 12 = -0*d - r*d. Let l(u) = -u**2 - 3*u + 4. Calculate l(d).
0
Let h(q) be the second derivative of q**3/6 - 5*q**2 + 2*q. Give h(5).
-5
Let s(d) be the first derivative of -3*d**3 + 0*d - 1/2*d**2 + 4. Suppose 4*f + 7 = 3. Determine s(f).
-8
Suppose 4*y - 20 + 0 = 0. Let q(l) be the third derivative of l**4/24 - 3*l**3/2 + 8*l**2. Determine q(y).
-4
Let v(u) = -u**2 + 5*u - 6. Let o = -10 - -14. Determine v(o).
-2
Let f(d) = d**2 + 7*d + 7. Let q be f(-8). Let u(a) = 2 + 5*a**2 + 9*a**2 + 6*a - q*a**2. Determine u(6).
2
Let q(g) = -3*g - 5. Let a(r) = 4*r + 7. Let w(d) = -5*a(d) - 7*q(d). Give w(-1).
-1
Let d be (4 + -1 - 9)/(-2). Suppose b + 5 = 2*b. Suppose -d*l + b = -10. Let w(i) = i**2 - 4*i + 1. Determine w(l).
6
Suppose 3*y + 0*y = -15. Let c(j) be the second derivative of j**3/6 + 3*j**2 - 7*j. Calculate c(y).
1
Suppose 4*b - 22 = -2*j, b - 3*b = -5*j + 7. Let d(r) = b*r + 0*r - 8 - 5*r. Determine d(-6).
-2
Let t = -5 - -8. Suppose l + 2*l + 12 = -t*u, -17 = 5*l + 4*u. Let d(v) = 4*v - 4*v + v + 1 + 7*v**2. Give d(l).
7
Suppose -c - 1 - 11 = -2*x, 0 = 3*c + 4*x + 6. Let i be 2/c*-3 + 2. Let n(g) = 2 + 0 - 1 + g**i + 3*g**2. Give n(-2).
5
Let b(d) = 3 + 1 - 3*d + 4 - 7. Calculate b(-3).
10
Let w(b) be the first derivative of 0*b**2 - b**4 + 0*b + 1/3*b**3 + 1. Calculate w(-1).
5
Let u = 2 - 0. Let b(w) = -3*w**3 - 1 + 5*w + w - 1 + 4*w**3 - 6*w**u. Calculate b(5).
3
Let w(g) = -3*g - g + 1 - 4*g. What is w(2)?
-15
Let g(t) be the first derivative of -t**3/3 + 11*t + 1. Calculate g(0).
11
Let j(c) = -2*c**3 + c. Let d(w) = w**3 + 4*w**2 + 4*w + 2. Let g be d(-3). Give j(g).
1
Suppose 0*p - 4*p = 12. Let l(g) be the first derivative of g**6/120 + g**5/20 + g**3/3 - g**2 + 4. Let w(x) be the second derivative of l(x). What is w(p)?
2
Let l(h) = h**2 - 4*h. Let v be l(6). Suppose 0 = -4*z + 2*i + v, -3*i = -i - 4. Let d(b) = -4*b**3 + b**3 + z*b**3 - 3*b + 1. Calculate d(2).
3
Suppose -6*s = -s - 10. Let b(m) = 3*m**s + m + 3 + 2*m - m - m**3. Calculate b(4).
-5
Let m(b) = b**2 - 3*b - 4. Let x be m(4). Let r(s) = -s**2 - 12. Determine r(x).
-12
Suppose 5*v = 3*t - 20, 5*t + v - 59 = -7. Suppose 3*g = -2*g - t. Let m(b) = -b**3 - 4*b**2 - 2*b - 2. Calculate m(g).
-6
Let m(v) = v**2 + 5*v - 8. Let j be (42/35)/((-2)/(-5)). Suppose 12 = -j*n - 3*f, -3*n = -2*f - f - 18. Let h be 10/(-5)*(4 - n). Calculate m(h).
-2
Let d be 0 + 0 + (-1 - -4). Let p(r) = -r**2 + 4 - 4*r**d + 4*r**2 + 5*r**3 + 3*r**2. Let o be p(-6). Let x(q) = q**3 - 3*q**2 - 2*q - 5. Give x(o).
3
Let k(a) = 22*a + a**2 + 2 - 23*a + 9 + 13*a. Give k(-8).
-21
Let p(u) = 4*u**3 - u**2 + u. Suppose 4*m - 5*i = -65, 2*m + 49 = -5*i - 6. Let g = 21 + m. Calculate p(g).
4
Let m(q) be the first derivative of -q**2/2 - 9*q - 1. Let h be m(-7). Let c(u) = u**3 + u**2 + u + 1. Determine c(h).
-5
Let j(w) = -2*w + 1. Let u = 11 + -7. Suppose 3*p + 15 = 3*o, 5*p = -u*o + 3*p + 20. Calculate j(o).
-9
Let x = 21 + -26. Let m(t) = -t**3 + 5*t - 2*t - 7*t**2 + 3*t**2 - 6. Give m(x).
4
Let k(i) = -i**2 + 5*i + 6. Suppose 4*w - 2 = 3*w - u, 3*w + 5*u - 12 = 0. Let x(z) = -3*z + 2. Let c be x(w). Calculate k(c).
6
Let c(i) = 5*i - 5. Let r(p) = -p + 1. Let v(j) = c(j) + 4*r(j). Suppose -5*h + 18 = -3*h + 4*d, 0 = -h - 3*d + 13. Calculate v(h).
0
Supp